is the millions digit of 2231808?
2
What is the hundreds digit of 5574244?
2
What is the ten thousands digit of 72207?
7
What is the tens digit of 509795?
9
What is the thousands digit of 381639?
1
What is the thousands digit of 582753?
2
What is the units digit of 24816638?
8
What is the hundred thousands digit of 148424?
1
What is the hundred thousands digit of 5113021?
1
What is the hundreds digit of 1896650?
6
What is the ten millions digit of 41471833?
4
What is the hundreds digit of 1455828?
8
What is the hundred thousands digit of 683572?
6
What is the hundred thousands digit of 174716?
1
What is the hundred thousands digit of 245720?
2
What is the thousands digit of 13955699?
5
What is the hundred thousands digit of 15647394?
6
What is the millions digit of 24370253?
4
What is the ten thousands digit of 638020?
3
What is the hundreds digit of 16504427?
4
What is the millions digit of 1894091?
1
What is the hundreds digit of 477546?
5
What is the units digit of 388300?
0
What is the thousands digit of 2391223?
1
What is the hundreds digit of 1113372?
3
What is the hundreds digit of 390215?
2
What is the hundred thousands digit of 1380861?
3
What is the units digit of 34619799?
9
What is the hundred thousands digit of 12438606?
4
What is the millions digit of 4237153?
4
What is the hundred thousands digit of 3302971?
3
What is the hundred thousands digit of 721067?
7
What is the tens digit of 7272501?
0
What is the units digit of 11391585?
5
What is the units digit of 561949?
9
What is the thousands digit of 426110?
6
What is the thousands digit of 32784835?
4
What is the millions digit of 1641723?
1
What is the ten thousands digit of 3433741?
3
What is the thousands digit of 3125582?
5
What is the hundred thousands digit of 8203162?
2
What is the ten thousands digit of 1525954?
2
What is the hundreds digit of 7726123?
1
What is the ten thousands digit of 198801?
9
What is the tens digit of 20423626?
2
What is the tens digit of 201173?
7
What is the tens digit of 149451?
5
What is the hundreds digit of 557897?
8
What is the ten thousands digit of 11323?
1
What is the thousands digit of 6875?
6
What is the hundreds digit of 5165393?
3
What is the thousands digit of 41889?
1
What is the millions digit of 1984715?
1
What is the ten thousands digit of 515622?
1
What is the thousands digit of 557242?
7
What is the hundreds digit of 1658739?
7
What is the hundred thousands digit of 752348?
7
What is the hundred thousands digit of 3275732?
2
What is the units digit of 675688?
8
What is the ten thousands digit of 277718?
7
What is the units digit of 554949?
9
What is the hundreds digit of 4568343?
3
What is the ten thousands digit of 6488150?
8
What is the tens digit of 5607520?
2
What is the tens digit of 1246785?
8
What is the ten millions digit of 13146196?
1
What is the ten thousands digit of 948696?
4
What is the tens digit of 13869?
6
What is the tens digit of 11819626?
2
What is the units digit of 567089?
9
What is the hundreds digit of 195177?
1
What is the ten thousands digit of 28641?
2
What is the hundreds digit of 1094381?
3
What is the thousands digit of 8900025?
0
What is the hundred thousands digit of 2459166?
4
What is the hundreds digit of 4707394?
3
What is the units digit of 723049?
9
What is the hundreds digit of 1605627?
6
What is the ten thousands digit of 72758?
7
What is the thousands digit of 3066311?
6
What is the thousands digit of 214220?
4
What is the units digit of 265696?
6
What is the ten thousands digit of 309995?
0
What is the hundred thousands digit of 483304?
4
What is the millions digit of 1748749?
1
What is the thousands digit of 4201750?
1
What is the units digit of 440704?
4
What is the hundred thousands digit of 261593?
2
What is the tens digit of 88422?
2
What is the units digit of 288796?
6
What is the tens digit of 25063?
6
What is the millions digit of 4548075?
4
What is the hundreds digit of 1478817?
8
What is the tens digit of 492446?
4
What is the thousands digit of 52488?
2
What is the thousands digit of 1777164?
7
What is the thousands digit of 426149?
6
What is the thousands digit of 10851519?
1
What is the tens digit of 3881685?
8
What is the units digit of 215606?
6
What is the hundreds digit of 4057726?
7
What is the hundreds digit of 510187?
1
What is the hundreds digit of 7781997?
9
What is the thousands digit of 308541?
8
What is the hundred thousands digit of 309939?
3
What is the units digit of 177604?
4
What is the tens digit of 3825027?
2
What is the tens digit of 2482604?
0
What is the hundreds digit of 190830?
8
What is the tens digit of 5258556?
5
What is the ten thousands digit of 70671?
7
What is the hundred thousands digit of 11835901?
8
What is the hundred thousands digit of 261349?
2
What is the hundred thousands digit of 208389?
2
What is the tens digit of 2041451?
5
What is the thousands digit of 27073966?
3
What is the hundreds digit of 5076790?
7
What is the thousands digit of 1119348?
9
What is the hundreds digit of 7031552?
5
What is the hundred thousands digit of 5171433?
1
What is the hundreds digit of 3544869?
8
What is the hundreds digit of 109001?
0
What is the hundreds digit of 600689?
6
What is the ten thousands digit of 7210867?
1
What is the hundreds digit of 3243280?
2
What is the tens digit of 7987668?
6
What is the ten thousands digit of 5229409?
2
What is the thousands digit of 740767?
0
What is the hundred thousands digit of 1153001?
1
What is the units digit of 2654965?
5
What is the hundred thousands digit of 2785267?
7
What is the units digit of 417723?
3
What is the units digit of 253910?
0
What is the units digit of 2213853?
3
What is the units digit of 141666?
6
What is the hundred thousands digit of 146963?
1
What is the units digit of 1500009?
9
What is the hundred thousands digit of 721827?
7
What is the hundred thousands digit of 482823?
4
What is the tens digit of 1110299?
9
What is the hundreds digit of 8334408?
4
What is the hundred thousands digit of 4018576?
0
What is the hundred thousands digit of 1004872?
0
What is the tens digit of 235328?
2
What is the thousands digit of 282616?
2
What is the units digit of 1773344?
4
What is the ten thousands digit of 522075?
2
What is the ten thousands digit of 2294515?
9
What is the tens digit of 3954599?
9
What is the millions digit of 35530632?
5
What is the units digit of 382861?
1
What is the hundred thousands digit of 5174989?
1
What is the tens digit of 42597243?
4
What is the hundreds digit of 212207?
2
What is the thousands digit of 2133007?
3
What is the hundred thousands digit of 2215526?
2
What is the tens digit of 476957?
5
What is the thousands digit of 100561?
0
What is the tens digit of 4866052?
5
What is the hundred thousands digit of 7189399?
1
What is the tens digit of 18516509?
0
What is the units digit of 113190?
0
What is the hundred thousands digit of 30258300?
2
What is the hundreds digit of 19058004?
0
What is the thousands digit of 147575?
7
What is the ten thousands digit of 162678?
6
What is the hundred thousands digit of 284033?
2
What is the ten millions digit of 25810136?
2
What is the thousands digit of 326813?
6
What is the millions digit of 2314405?
2
What is the tens digit of 287497?
9
What is the thousands digit of 591688?
1
What is the ten thousands digit of 22769344?
6
What is the hundred thousands digit of 1656235?
6
What is the ten thousands digit of 875609?
7
What is the units digit of 1343593?
3
What is the ten thousands digit of 3871083?
7
What is the units digit of 571968?
8
What is the hundred thousands digit of 4071015?
0
What is the hundreds digit of 15319672?
6
What is the ten thousands digit of 10918?
1
What is the hundreds digit of 8911112?
1
What is the tens digit of 2042463?
6
What is the millions digit of 6671998?
6
What is the units digit of 245907?
7
What is the tens digit of 620185?
8
What is the tens digit of 30873?
7
What is the ten thousands digit of 10421?
1
What is the units digit of 23171289?
9
What is the tens digit of 6928?
2
What is the ten thousands digit of 424731?
2
What is the hundred thousands digit of 12083126?
0
What is the units digit of 182614?
4
What is the hundreds digit of 2600135?
1
What is the hundred thousands digit of 2